+ 4*r + 38 = -4, 4*r = v - 2. Suppose -3*w - 3*b = -6*b - 15, -b = 5*w - 13. Calculate the remainder when v is divided by w.
1
Suppose 2*t - 17 = 11. Let j(l) = l**2 - l + 41. Let n = 3 - 3. Calculate the remainder when j(n) is divided by t.
13
Suppose 35 - 81 = -4*i - u, -4*i + 3*u = -54. Suppose -5*s + 2*s + 102 = 0. Calculate the remainder when s is divided by i.
10
Let x(h) = 9*h**2 + 3*h + 2. Calculate the remainder when x(-2) is divided by 9.
5
Let z(d) = d**3 + 11*d**2 + 12*d. Suppose 4*u + j + j - 52 = 0, 0 = 2*u + 5*j - 18. Calculate the remainder when z(-9) is divided by u.
12
Let s = -74 + 88. Let y be (0 + 1)*(2 + -1). Calculate the remainder when 20*y*(-10)/(-8) is divided by s.
11
Let x be 2/(-11) + (-46)/(-11). Suppose 5*a = y + 36, a - 28 = x*y - 9*y. What is the remainder when 30 is divided by a?
6
Let f(p) = 18*p**2 + p. Suppose 0 = 2*m + m - 99. Calculate the remainder when m is divided by f(-1).
16
Suppose 78 = -g + 3*g. Calculate the remainder when g is divided by 14.
11
Let b(c) = c**3 - 12*c**2 + 14*c + 3. Let f be b(10). Let y = -18 - f. Calculate the remainder when y is divided by 14.
11
What is the remainder when (-198)/(-5) - (-44)/110 is divided by 21?
19
Suppose 4*c - 4*n + 32 = 0, 0 = -3*c + n - 23 - 11. Let a(x) = -x. What is the remainder when a(c) is divided by 5?
3
Let c(g) = -g + 2. What is the remainder when c(-8) is divided by 7?
3
Let m(n) = 2*n**2 - n + 2. Calculate the remainder when 65 is divided by m(3).
14
Let c(k) = k**2 + 6*k. Let i be c(-6). Suppose 2*x - 7*x + 140 = i. Calculate the remainder when (0 + -3)/3 + x is divided by 15.
12
Let f(t) = 4*t**2 - 4*t. Let q(a) = -7*a**2 + 9*a. Let v(b) = -5*f(b) - 3*q(b). Let m be v(8). Calculate the remainder when 17 is divided by -2 + (3 - 3) + m.
5
Let k(f) = 6*f**3 - 2*f**2 + 4*f - 3. Calculate the remainder when k(2) is divided by 12.
9
Let w(g) = -55*g - 3. Calculate the remainder when w(-3) is divided by 15.
12
Suppose -4*c = -3*p - 29, 5*c + 5*p - 14 + 4 = 0. Suppose m + 3*m - 29 = -c*q, 2*q - 16 = -2*m. What is the remainder when 20 is divided by m?
9
Let p = 0 + 0. Suppose p*v - v = 0. Suppose v = 2*x + x - 45. Calculate the remainder when 43 is divided by x.
13
Let i = 1 - 3. What is the remainder when 60/(-10)*(1 + 8/(-6)) is divided by ((-2)/(-3)*-3)/i?
0
Let d be 0*(-2)/4*1. Suppose 0 = -d*f - 4*f - 20. Let u(a) = -3*a - 2. What is the remainder when u(f) is divided by 7?
6
Suppose -105 = 7*t - 2*t. Let a = t + 53. Calculate the remainder when a is divided by 7.
4
Calculate the remainder when 71 is divided by (0/2 - 1) + 16.
11
Suppose w + 2*w + 5*g - 106 = 0, -w + 17 = -2*g. Calculate the remainder when 106 is divided by w.
25
Suppose -3*s = 2*i - 22, 2*i + 3*s = -i + 30. Suppose -87 = -5*x + 2*x. What is the remainder when x is divided by i?
5
Suppose 3*p - 88 = 50. What is the remainder when 89 is divided by p?
43
Let d = -89 - -97. What is the remainder when 29 is divided by d?
5
Suppose -6 = -g + 4. Calculate the remainder when 37 is divided by g.
7
Let u = 8 + 0. Suppose -u*r = -3*r + 2*g - 20, 4*g = 4*r - 44. What is the remainder when 3/(-2)*(-136)/12 is divided by r?
5
Suppose 3*r - 79 = y, 3*y - 5*y + 10 = 0. Let u = 40 - r. Calculate the remainder when 34 is divided by u.
10
Let l be -2 + (-4)/3*-3. Suppose -s + 10 = -2*a, 0*s - l*s + 5*a = -20. Suppose 0 = 4*u + u - 30. Calculate the remainder when s is divided by u.
4
What is the remainder when 55 is divided by ((-28)/5)/(6/(-15))?
13
Let v = 20 + -6. Suppose v*j - 17*j = -15. Calculate the remainder when 12 is divided by j.
2
Suppose 74 = m - 3*y, y = -5*m + 3*m + 113. Calculate the remainder when m is divided by 20.
19
Suppose 4*c - 5*c + 5*y = -3, -5*c + 41 = y. Calculate the remainder when 38 is divided by c.
6
Let z(p) = -p**2 + 5*p - 5. Let j be z(5). Let b(c) = c**2 + 4*c - 1. What is the remainder when 14 is divided by b(j)?
2
Let q = 380 + -215. Calculate the remainder when q is divided by 21.
18
Suppose -22*m + 27*m - 35 = 0. What is the remainder when m is divided by 7?
0
Let o be 2/(-11) + (-285)/(-55). Suppose -2*b = -o*x + 25, b - 16 = -3*x + 2*b. Calculate the remainder when 27 is divided by x.
6
Suppose -2*s + 23 = k + 2*k, -4*s = -k - 25. Suppose 2*d + 13*u = 10*u + 49, 1 = -u. What is the remainder when d is divided by s?
5
Let q = -111 + 159. Let n(p) = 24*p**3 + 2*p**2 - 2*p + 1. What is the remainder when q is divided by n(1)?
23
Suppose -n = 3*v + 4*n, 0 = 4*n. Let h = v - -11. Calculate the remainder when 20 is divided by h.
9
Suppose -4*m + 32 = -2*f, 3*m = -f + 6 + 28. Suppose 5*t = 5*z - 50, -m - 3 = -z + 2*t. What is the remainder when 26 is divided by z?
5
Suppose 5*j - 108 = 52. What is the remainder when j is divided by 11?
10
Suppose -2*l - 2*x + 76 = 0, l = 6*l + 2*x - 184. Calculate the remainder when 69 is divided by l.
33
Let j(c) = c**2 + 8*c + 5. Let k be j(-6). Let m(w) = -3*w - 8. Suppose 29 - 19 = 2*t. Calculate the remainder when m(k) is divided by t.
3
Let c(v) = 0 + v**3 - 2*v**3 - 4*v**2 + 4. Suppose 12 = -g + 5*g. Calculate the remainder when c(-4) is divided by g.
1
Let p = -15 - 24. Let i = p - -65. What is the remainder when i is divided by 14?
12
Let b(k) = -12*k + 5. Calculate the remainder when b(-4) is divided by 14.
11
Suppose -38 = -w + 1. Calculate the remainder when w is divided by 20.
19
Let o = 106 - 75. What is the remainder when o is divided by 11?
9
Suppose -3*s = -3*a - 15, -20 = -2*s - 2*s - 4*a. Calculate the remainder when 17 is divided by ((-12)/(-10))/(s/25).
5
Let n = 0 - 0. Suppose n = -k + 4*k - 39. Calculate the remainder when 38 is divided by k.
12
Suppose -3*j - 2 + 8 = 0. Suppose 5*a - 1 = -s - 22, 0 = -j*s + 3*a + 10. What is the remainder when 34/(s*(-5 - -3)) is divided by 9?
8
Calculate the remainder when (296/10)/(13/(-5) + 3) is divided by 19.
17
Let u = 7 + 8. Suppose q - u = 2. What is the remainder when q is divided by 9?
8
Let w(k) = -k**3 - 7*k**2 + 5*k - 2. Let r be w(-8). Suppose -u + 3*z + 4 = 0, -z + 46 = 5*u - r. Calculate the remainder when 37 is divided by u.
11
Let b be ((-2)/4)/((-2)/(-20)). Let p = b - -10. Calculate the remainder when 13*2/4*2 is divided by p.
3
Let o = 82 + -57. Suppose 3*t - 6*t = -12. Suppose -t*d + 63 = 27. What is the remainder when o is divided by d?
7
Let l = 78 + -32. Let s = 102 - l. What is the remainder when s is divided by 19?
18
Calculate the remainder when 9/21 + 7670/70 is divided by 38.
34
Suppose 0 = 4*m + 3*y - 33, -y + 14 = 3*m - 17. Calculate the remainder when 35 is divided by m.
11
Let m(c) = c - 13. What is the remainder when 9 is divided by m(15)?
1
Let h(t) = 3*t - 8. Let r = -7 + 17. Calculate the remainder when h(r) is divided by 8.
6
Suppose a = 3*a - 24. Suppose 275 = 7*b - 3*b - 3*r, -2*b + r + 139 = 0. What is the remainder when b is divided by a?
11
Suppose -2*p + 0*p + 34 = 0. What is the remainder when 83 is divided by p?
15
Suppose -3*d + 102 = -0*d. Calculate the remainder when d is divided by 9.
7
Let b = -14 + -2. Let w = -10 - b. Calculate the remainder when w is divided by 4.
2
Let t(a) = 44*a**2 + 2. Let n be t(-2). Suppose p - 5*q = 64, -3*q - 11 = 2*p - n. What is the remainder when p is divided by 27?
25
Suppose -247 = 3*v - 853. Suppose 0 = 4*x + 26 + v. Calculate the remainder when 37 is divided by -1*1/(3/x).
18
Let f = 24 - -5. What is the remainder when 57 is divided by f?
28
Suppose 2 - 1 = c. What is the remainder when 13 is divided by 3 - (c - (2 - -1))?
3
Suppose 7*a - 3*a = 3*l - 8, -a + 9 = 2*l. Calculate the remainder when l is divided by 3*3/((-3)/(-1)).
1
Let u = -48 + 82. Calculate the remainder when u is divided by 2002/165 + 2/(-15).
10
Let u(v) = 3*v + 1. Calculate the remainder when (1/2)/((-1)/(-24)) is divided by u(2).
5
What is the remainder when 93 is divided by ((-32)/5)/(6/(-15))?
13
Suppose -3*c + 8 = c. Suppose -5*m + 10 = 0, -4*m - m = -c*t - 8. What is the remainder when 28 is divided by (t/3)/(3/135)?
13
Suppose -4*t - 3*p - 1 = -4, -5*t = -p - 18. Let a = t + 11. Calculate the remainder when a is divided by 5.
4
Suppose 2*h - 21 + 3 = 0. Suppose 3*u - 6 = -4*x - 87, 5*x + 107 = 2*u. Let r = 37 + x. Calculate the remainder when r is divided by h.
7
Let n = -1 + 11. Calculate the remainder when